-7425. What are the prime factors of h?
41659
List the prime factors of ((-5990)/(-4) + -5)*(64/(-3))/(-4).
2, 5, 199
List the prime factors of -6*(6 - 20 - -18)/((-4)/4998).
2, 3, 7, 17
Let f(n) = 8*n**3 + 3*n + 10. Let o be ((-140)/25 - -4)/((-10)/25). What are the prime factors of f(o)?
2, 3, 89
Let f = -19154 - -28842. What are the prime factors of f?
2, 7, 173
What are the prime factors of (-33)/(8/288*-4)?
3, 11
Let a = -75819 - -106285. What are the prime factors of a?
2, 15233
Suppose 0 = -4*b - 20, -r = r + 4*b + 14. What are the prime factors of r - (-2)/2 - 5*-2?
2, 7
Suppose 12 = 2*y - c, 4*c = y + 5*c. Suppose -5*n + 90 = k, 0 = -5*k - y*n + 25 + 530. List the prime factors of k.
5, 23
Suppose 72*o - 8 = 68*o. What are the prime factors of 7 - 2211/((-6)/o)?
2, 3, 31
Let r(x) = 17*x - 166. What are the prime factors of r(26)?
2, 3, 23
Suppose 4044 = l + 3543. What are the prime factors of l?
3, 167
Let o = 107 - -470. Suppose -6*d + o = -1991. List the prime factors of d.
2, 107
Let n(c) = -c**3 - 8*c**2 - c - 10. Let h be n(-7). Let o = -38 - h. Let t = o + 47. List the prime factors of t.
61
Let w(h) = 20*h**2 - 5. Let l be w(2). Suppose -2*q - 809 + l = -v, 0 = 3*v + 4*q - 2182. What are the prime factors of v?
2, 5, 73
Suppose 0 = -2*g + 5*g + 5*i - 1298, 4*g - 1752 = 4*i. Suppose g = -5*l + 7*l. Suppose -7*q + l = -5*q. What are the prime factors of q?
109
Suppose 38*v = 49*v - 2756 - 150232. What are the prime factors of v?
2, 3, 19, 61
Suppose 2*y - 6031 = -1819. Suppose -3*b + 3*h + y = -0*b, b - 5*h - 718 = 0. What are the prime factors of b?
2, 349
Let y be (-11080)/(-6) + (-5)/(90/(-24)). Suppose -588*z = -595*z + y. List the prime factors of z.
2, 3, 11
Let f = 6 - 8. Let p be f/(-8) - 40/32. List the prime factors of (23 - 14)/(p + 2).
3
Let v(a) be the third derivative of a**6/120 - 37*a**5/60 - 37*a**4/24 - 14*a**3/3 - 183*a**2. List the prime factors of v(38).
2, 5
Let d be (-24)/(-28) + 936/(-63). List the prime factors of 4/d + (-5718)/(-21).
2, 17
What are the prime factors of ((-4)/(-14) + 4532/308)*(-6442)/(-3)?
2, 5, 3221
Suppose 0 = 12*q - 25148 + 6152. What are the prime factors of q?
1583
Let m(q) = -67*q**3 + 4*q**2 - 23*q - 47. List the prime factors of m(-2).
19, 29
Suppose -15835 = -415*j + 414*j. Suppose -5765 = 38*h - j. List the prime factors of h.
5, 53
Suppose -16 + 42 = 13*a. Suppose -a*q = 3*s - 468, q + 29 = 5*s + 237. What are the prime factors of q?
2, 3, 19
Let s = 42991 + -23990. What are the prime factors of s?
19001
Suppose -87 = -3*p - 3*d, d + 13 - 102 = -3*p. Suppose 0*m = m + p. Let t = 131 + m. What are the prime factors of t?
101
What are the prime factors of -82*1/(6/(-639))?
3, 41, 71
Let x(p) = 141*p - 54. Let i be x(47). Suppose 270*j - 263*j = i. List the prime factors of j.
3, 313
Let w(v) = -6*v + 10 + 0*v**3 - v**3 + 0 - 14*v**2 + 6*v**2. Let y be w(-7). What are the prime factors of 3 + -1 - (588/y)/(-4)?
3, 17
Let h(b) = 7 - b**3 - 3*b**2 + 0*b**2 - 4 + 0*b**2. Let i be h(-3). Suppose -22 = -i*k + 11. List the prime factors of k.
11
Suppose 126*k - 37842 = 970158. List the prime factors of k.
2, 5
Let g(k) = 4*k**3 - 55*k**2 + 35*k - 135. List the prime factors of g(20).
5, 2113
Let z(d) = 2*d - 5. Let r be z(5). Suppose -2817 = r*v - 14*v. List the prime factors of v.
313
Let b(o) be the second derivative of 43*o**4/12 + 8*o**3/3 - 14*o**2 + 2*o - 7. What are the prime factors of b(5)?
7, 23
What are the prime factors of ((-38926)/5)/((-844)/4220)?
2, 19463
Suppose 32*h = 31*h - 2*y + 2038, 3*h - 6108 = -4*y. Let z = -1183 + h. What are the prime factors of z?
3, 283
Suppose -45 = -2*i - 13. Suppose -4 = -y - 5*m, 2*m = 6*y - 4*y + i. What are the prime factors of 20/(-18)*y*12?
2, 5
Let a = -49 - -123. Suppose -d = -a - 30. What are the prime factors of d?
2, 13
Let p(k) = -7*k + 31. Let m(d) = -2*d**3 + 4*d**2 - 2*d - 2. Suppose -12 = 2*t - 16. Let y be m(t). What are the prime factors of p(y)?
73
Let b(o) be the third derivative of 17*o**5/30 + o**4/4 + 13*o**3/6 - 21*o**2 + 2. List the prime factors of b(-5).
7, 17
Let k(y) = 25*y - 38. Let v be k(20). List the prime factors of ((-4)/(-14))/(22/v).
2, 3
Let c(o) = 21*o**3 + 52*o**2 - 743*o - 25. What are the prime factors of c(13)?
7, 23, 281
Let m be 2 - -3 - (5 - 3). Suppose -3*x + 5*t + 5 = -30, x + m*t + 7 = 0. Suppose -x*o = k - 126, -k + 6*o = 2*o - 108. What are the prime factors of k?
2, 29
Let d = 151 + -164. List the prime factors of (-61)/(2*-1*d/(-52)).
2, 61
Suppose n = -b + 2992, -2*b + 4966 = 4*n - 7012. What are the prime factors of n?
3, 37
Let c = 1401 - 852. Let w = c - 79. List the prime factors of w.
2, 5, 47
Let i(l) = 88*l**2 + 4*l + 1. Let a be i(-1). Suppose a + 107 = -4*z. Let h = -33 - z. List the prime factors of h.
3, 5
Let b = -301 - -301. Suppose 1740 = 6*m - b*m. What are the prime factors of m?
2, 5, 29
Suppose -u - 4*f = 12, -3*u + 2*f = 2*u - 50. Let w(y) = 7*y - 44. Let k be w(u). Suppose 4*i - k = 0, l = -4*i + 127 + 62. List the prime factors of l.
3, 59
Let f = 11690 + 1175. List the prime factors of f.
5, 31, 83
List the prime factors of (-4 - 68/(-20)) + 825066/110.
2, 3, 5
Let m(i) = 25*i + 275. Let l be m(-11). What are the prime factors of 2 + (27 + 1287 - (l + 0))?
2, 7, 47
Let s(p) = 8*p**2 - 5*p + 1. Suppose 2*v = -5*b + 15, 2*b + 3*v - v - 6 = 0. Suppose 2*u - 2 = b*y - y, 3*y = -5*u - 19. What are the prime factors of s(y)?
2, 11
Suppose s - 5*s = -5*p - 27, 0 = 3*p + 5*s - 6. What are the prime factors of (-3)/((1 - p) + -2)*-174?
3, 29
Let g = 7776 - 509. What are the prime factors of g?
13, 43
Suppose -21 = -3*p, -735*k - p + 25496 = -734*k. What are the prime factors of k?
71, 359
Let f = 110 + -70. Let x be 1/(4/(-10))*(-288)/f. Suppose 5*p - 1232 - x = 0. List the prime factors of p.
2, 5
Suppose 0 = 13*k - 975 - 8593. Let y = k + -355. List the prime factors of y.
3, 127
Suppose 5*y = h + 723 + 35, -2*h = 2*y - 296. Let c = y + -119. List the prime factors of c.
2
Let b(g) = 7*g + 6. Let t be b(10). Let k be ((-20 - (-2 - -1)) + 1)/1. Let v = k + t. List the prime factors of v.
2, 29
Suppose 440 = 48*t - 28*t. Let v(l) = l + 3. Let i be v(-3). Suppose i = 13*n - 15*n + t. What are the prime factors of n?
11
Suppose 2*j - 6*j = 5*v - 2936, 3*j - 4*v = 2233. Let d = j - 341. What are the prime factors of d?
2, 199
Let i(x) = 7*x**3 + 5*x**2 + 7*x + 8. Let z be i(-5). Let l = 1380 + z. What are the prime factors of l?
3, 67
Suppose 5*m - 5*b = -2*b + 15, 0 = 2*m - 3*b - 15. Suppose m = -9*j + 29 - 11. Let r = j - -70. What are the prime factors of r?
2, 3
What are the prime factors of (16 - 28 - -14)/((-1)/11410*-2)?
2, 5, 7, 163
Let v = -3 - 5. List the prime factors of (-1)/v - (-68040)/448.
2, 19
What are the prime factors of (-170)/(-17) + (1369 - -3)?
2, 691
Let c(v) = -73*v + 598. List the prime factors of c(-90).
2, 7
Let h = 9915 + -6252. What are the prime factors of h?
3, 11, 37
Suppose 6*i - 45 = 3*i + 5*u, -5*i + 5*u + 75 = 0. Let x be (-23)/6 - i/90. What are the prime factors of 10*x/6*-6?
2, 5
Let w = -33382 + 59632. What are the prime factors of w?
2, 3, 5, 7
Suppose 1271 + 602 = w - 3*y, 9314 = 5*w + 2*y. Suppose -w = -21*c + 17*c. List the prime factors of c.
2, 233
What are the prime factors of ((-53551377)/1122)/((15/(-4))/5)?
2, 47, 677
Let v(a) be the first derivative of -a**4/4 + 8*a**3/3 + 7*a**2/2 + 2*a - 16. Let o be v(12). List the prime factors of 2/6 + o/(-15).
3, 11
Let g(x) = x + 7 + 7*x**2 - 9*x - 6*x**2. Let r be g(9). Suppose -2*j - r = -6*j. What are the prime factors of j?
2
Let f = 52 - 61. Let k(i) = -122*i + 4. Let q(r) = -487*r + 17. Let t(j) = f*k(j) + 2*q(j). What are the prime factors of t(1)?
2, 61
Let q be (-14)/(-28)*(1 - 1). Suppose 5*l = -3*d + 40, 5*d + 69 = -q*l + 4*l. Suppose -2*j + l = -207. List the prime factors of j.
109
Suppose -39958 = c - 2*c - y, -y = -3*c + 119890. List the prime factors of c.
2, 13, 29, 53
Suppose -12*r + 26950 = -r. List the prime factors of ((-4)/2)/((-10)/r).
2, 5, 7
Let y = 541 - 325. Let s = -133 + 39. Let f = y + s. List the prime factors of f.
2, 61
Let l(u) = -u**2 - 10*u - 380. Let s be l(0). Let j = s + 724. List the prime factors of j.
2, 43
Let p(z) = 17*z - 25. Let i be p